{"id":111,"date":"2023-07-15T19:41:37","date_gmt":"2023-07-15T17:41:37","guid":{"rendered":"http:\/\/proampolishball.com\/?page_id=111"},"modified":"2025-08-27T10:32:33","modified_gmt":"2025-08-27T08:32:33","slug":"cennik","status":"publish","type":"page","link":"https:\/\/proampolishball.com\/?page_id=111","title":{"rendered":"CENNIK"},"content":{"rendered":"\n<figure class=\"wp-block-table is-style-regular has-medium-font-size\"><table><tbody><tr><td><strong style=\"font-size: revert; font-family: inherit; color: initial;\">PTT PROAM POLISH BALL<\/strong><br><\/td><td>\n<p><strong>Early Bird 1<\/strong><\/p>\n<\/td><td>\n<p><strong>Regular<\/strong><\/p>\n<\/td><\/tr><tr><td><p><strong><mark style=\"background-color:rgba(0, 0, 0, 0)\" class=\"has-inline-color has-pale-pink-color\">OTWARTE MISTRZOSTWA POLSKI PTT W KON. PRO-AM<\/mark><\/strong><\/p><br><\/td><td><br><p><strong><mark style=\"background-color:rgba(0, 0, 0, 0)\" class=\"has-inline-color has-pale-pink-color\">Cena do 19 wrze\u015bnia 2025 od pary \/PLN\/<\/mark><\/strong><\/p><br><\/td><td><br><p><strong><mark style=\"background-color:rgba(0, 0, 0, 0)\" class=\"has-inline-color has-pale-pink-color\">Cena po 19 wrze\u015bnia 2025 od pary \/PLN\/<\/mark><\/strong><\/p><br><\/td><\/tr><tr><td>\n<p>Polish Open PTT Pro Am Singel Dance<\/p>\n<\/td><td>\n<p>90<\/p>\n<\/td><td>\n<p>110<\/p>\n<\/td><\/tr><tr><td>\n<p>Polish Open PTT Pro Am 2 Dances Challenges<\/p>\n<\/td><td>\n<p>140<\/p>\n<\/td><td>\n<p>170<\/p>\n<\/td><\/tr><tr><td>\n<p>Polish Open PTT Pro Am 3 Dances Challenges<\/p>\n<\/td><td>\n<p>190<\/p>\n<\/td><td>\n<p>200<\/p>\n<\/td><\/tr><tr><td>\n<p>Polish Open PTT Pro Am 4 Dances Challenges<\/p>\n<\/td><td>\n<p>230<\/p>\n<\/td><td>\n<p>250<\/p>\n<\/td><\/tr><tr><td>\n<p>Polish Open PTT Pro Am 5 Dances Challenges<\/p>\n<\/td><td>\n<p>260<\/p>\n<\/td><td>\n<p>300<\/p>\n<\/td><\/tr><tr><td>\n<p>Polish Open PTT Rasing Stars<\/p>\n<\/td><td>\n<p>190<\/p>\n<\/td><td>\n<p>200<\/p>\n<\/td><\/tr><tr><td>\n<p>Polish Open Championships PTT Scholarship<\/p>\n<\/td><td>\n<p>400<\/p>\n<\/td><td>\n<p>450<\/p>\n<\/td><\/tr><tr><td>\n<p>Pro Am Vip Showcase during Gala<\/p>\n<\/td><td>\n<p>400<\/p>\n<\/td><td>\n<p>450<\/p>\n<\/td><\/tr><tr><td><br><p><strong><mark style=\"background-color:rgba(0, 0, 0, 0)\" class=\"has-inline-color has-pale-pink-color\">MISTRZOSTWA POLSKI PTT W KONKURENCJI PRO-AM<\/mark><\/strong><\/p><br><\/td><td><br><p><strong><mark style=\"background-color:rgba(0, 0, 0, 0)\" class=\"has-inline-color has-pale-pink-color\">Cena do 19 wrze\u015bnia 2025 od pary \/PLN\/<\/mark><\/strong><\/p><br><\/td><td><br><p><strong><mark style=\"background-color:rgba(0, 0, 0, 0)\" class=\"has-inline-color has-pale-pink-color\">Cena po 19 wrze\u015bnia 2025 od pary \/PLN\/<\/mark><\/strong><\/p><br><\/td><\/tr><tr><td>\n<p>Mistrzostwa Polski Pure Pro Am<\/p>\n<\/td><td>\n<p>400<\/p>\n<\/td><td>\n<p>450<\/p>\n<\/td><\/tr><tr><td>\n<p>Mistrzostwa Polski Pro Am w kat.Show PTT<\/p>\n<\/td><td>\n<p>350<\/p>\n<\/td><td>\n<p>400<\/p>\n<\/td><\/tr><tr><td>\n<p>Mistrzostwa Polski PTT Pro Am 3 Dances Challenges<\/p>\n<\/td><td>\n<p>250<\/p>\n<\/td><td>\n<p>300<\/p>\n<\/td><\/tr><tr><td>\n<p>Mistrzostwa Polski PTT Pro Am 10-Dance<\/p>\n<\/td><td>\n<p>350<\/p>\n<\/td><td>\n<p>400<\/p>\n<\/td><\/tr><tr><td>\n<p>Mistrzostwa Polski PTT Pro Am Scholarship<\/p>\n<\/td><td>\n<p>400<\/p>\n<\/td><td>\n<p>450<\/p>\n<\/td><\/tr><tr><td><br><p><strong><mark style=\"background-color:rgba(0, 0, 0, 0)\" class=\"has-inline-color has-pale-pink-color\">BILETY WST\u0118PU<\/mark><\/strong><\/p><br><\/td><td><br><p><strong><mark style=\"background-color:rgba(0, 0, 0, 0)\" class=\"has-inline-color has-pale-pink-color\">Cena do 19 wrze\u015bnia 2025 od os. \/PLN\/<\/mark><\/strong><\/p><br><\/td><td><br><p><strong><mark style=\"background-color:rgba(0, 0, 0, 0)\" class=\"has-inline-color has-pale-pink-color\">Cena po 19 wrze\u015bnia 2025 od os. \/PLN\/<\/mark><\/strong><\/p><br><\/td><\/tr><tr><td>\n<p>Bilet ca\u0142odniowy \/miejsce stoj\u0105ce\/<\/p>\n<\/td><td>\n<p>80<\/p>\n<\/td><td>\n<p>100<\/p>\n<\/td><\/tr><tr><td>\n<p>Bilet z rezerwacj\u0105 miejsca przy stoliku &#8211; \/Stoliki nr\/ &amp; przerwa kawowa 6(h) \/kawa, herbat, wda, ciastka domowe\/*<\/p>\n<\/td><td>\n<p>200<\/p>\n<\/td><td>\n<p>220<\/p>\n<\/td><\/tr><\/tbody><\/table><\/figure>\n\n\n\n<p>CENNIK<\/p>\n\n\n\n<p>wszystkie op\u0142aty start<br><mark style=\"background-color:rgba(0, 0, 0, 0)\" class=\"has-inline-color has-pale-pink-color\">TOWARZYSTWO KULTURALNO SPORTOWE STARDANCE:&nbsp;41 1140 2004 0000 3402 8183 2153<\/mark>&nbsp;<br>W tytule prosz\u0119 poda\u0107 imiona i nazwiska os\u00f3b za kt\u00f3re dokonany jest przelew oraz kategorie<\/p>\n\n\n\n<p>*Rezerwacja miejsc przy stolikach przez&nbsp;www.flymark.com.ua<br>TOWARZYSTWO KULTURALNO SPORTOWE STARDANCE:&nbsp;41 1140 2004 0000 3402 8183 2153<br>W tytule prosz\u0119 poda\u0107 imiona i nazwiska os\u00f3b za kt\u00f3re dokonany jest przelew<\/p>\n\n\n\n<p>REJESTRACJA\/ BILETY<br>&nbsp;Poni\u017cej znajduje si\u0119 plan ustawienia stolik\u00f3w<\/p>\n\n\n\n<figure class=\"wp-block-image size-large\"><img fetchpriority=\"high\" decoding=\"async\" width=\"1024\" height=\"683\" src=\"http:\/\/proampolishball.com\/wp-content\/uploads\/2025\/08\/Stoliki-PAPB-2025-1024x683.png\" alt=\"\" class=\"wp-image-1594\" srcset=\"https:\/\/proampolishball.com\/wp-content\/uploads\/2025\/08\/Stoliki-PAPB-2025-1024x683.png 1024w, https:\/\/proampolishball.com\/wp-content\/uploads\/2025\/08\/Stoliki-PAPB-2025-300x200.png 300w, https:\/\/proampolishball.com\/wp-content\/uploads\/2025\/08\/Stoliki-PAPB-2025-768x512.png 768w, https:\/\/proampolishball.com\/wp-content\/uploads\/2025\/08\/Stoliki-PAPB-2025.png 1200w\" sizes=\"(max-width: 1024px) 100vw, 1024px\" \/><\/figure>\n","protected":false},"excerpt":{"rendered":"<p>PTT PROAM POLISH BALL Early Bird 1 Regular OTWARTE MISTRZOSTWA POLSKI PTT W KON. PRO-AM Cena do 19 wrze\u015bnia 2025 od pary \/PLN\/ Cena po 19 wrze\u015bnia 2025 od pary \/PLN\/ Polish Open PTT Pro Am Singel Dance 90 110 Polish Open PTT Pro Am 2 Dances Challenges 140 170 Polish Open PTT Pro Am [&hellip;]<\/p>\n","protected":false},"author":1,"featured_media":1433,"parent":350,"menu_order":0,"comment_status":"closed","ping_status":"closed","template":"","meta":{"footnotes":""},"class_list":["post-111","page","type-page","status-publish","has-post-thumbnail","hentry"],"yoast_head":"<!-- This site is optimized with the Yoast SEO plugin v27.4 - https:\/\/yoast.com\/product\/yoast-seo-wordpress\/ -->\n<title>CENNIK -<\/title>\n<meta name=\"robots\" content=\"index, follow, max-snippet:-1, max-image-preview:large, max-video-preview:-1\" \/>\n<link rel=\"canonical\" href=\"https:\/\/proampolishball.com\/?page_id=111\" \/>\n<meta property=\"og:locale\" content=\"pl_PL\" \/>\n<meta property=\"og:type\" content=\"article\" \/>\n<meta property=\"og:title\" content=\"CENNIK -\" \/>\n<meta property=\"og:description\" content=\"PTT PROAM POLISH BALL Early Bird 1 Regular OTWARTE MISTRZOSTWA POLSKI PTT W KON. PRO-AM Cena do 19 wrze\u015bnia 2025 od pary \/PLN\/ Cena po 19 wrze\u015bnia 2025 od pary \/PLN\/ Polish Open PTT Pro Am Singel Dance 90 110 Polish Open PTT Pro Am 2 Dances Challenges 140 170 Polish Open PTT Pro Am [&hellip;]\" \/>\n<meta property=\"og:url\" content=\"https:\/\/proampolishball.com\/?page_id=111\" \/>\n<meta property=\"article:modified_time\" content=\"2025-08-27T08:32:33+00:00\" \/>\n<meta property=\"og:image\" content=\"https:\/\/proampolishball.com\/wp-content\/uploads\/2025\/08\/PPB-4.png\" \/>\n\t<meta property=\"og:image:width\" content=\"1920\" \/>\n\t<meta property=\"og:image:height\" content=\"696\" \/>\n\t<meta property=\"og:image:type\" content=\"image\/png\" \/>\n<meta name=\"twitter:card\" content=\"summary_large_image\" \/>\n<meta name=\"twitter:label1\" content=\"Szacowany czas czytania\" \/>\n\t<meta name=\"twitter:data1\" content=\"3 minuty\" \/>\n<script type=\"application\/ld+json\" class=\"yoast-schema-graph\">{\"@context\":\"https:\\\/\\\/schema.org\",\"@graph\":[{\"@type\":\"WebPage\",\"@id\":\"https:\\\/\\\/proampolishball.com\\\/?page_id=111\",\"url\":\"https:\\\/\\\/proampolishball.com\\\/?page_id=111\",\"name\":\"CENNIK -\",\"isPartOf\":{\"@id\":\"https:\\\/\\\/proampolishball.com\\\/#website\"},\"primaryImageOfPage\":{\"@id\":\"https:\\\/\\\/proampolishball.com\\\/?page_id=111#primaryimage\"},\"image\":{\"@id\":\"https:\\\/\\\/proampolishball.com\\\/?page_id=111#primaryimage\"},\"thumbnailUrl\":\"https:\\\/\\\/proampolishball.com\\\/wp-content\\\/uploads\\\/2025\\\/08\\\/PPB-4.png\",\"datePublished\":\"2023-07-15T17:41:37+00:00\",\"dateModified\":\"2025-08-27T08:32:33+00:00\",\"breadcrumb\":{\"@id\":\"https:\\\/\\\/proampolishball.com\\\/?page_id=111#breadcrumb\"},\"inLanguage\":\"pl-PL\",\"potentialAction\":[{\"@type\":\"ReadAction\",\"target\":[\"https:\\\/\\\/proampolishball.com\\\/?page_id=111\"]}]},{\"@type\":\"ImageObject\",\"inLanguage\":\"pl-PL\",\"@id\":\"https:\\\/\\\/proampolishball.com\\\/?page_id=111#primaryimage\",\"url\":\"https:\\\/\\\/proampolishball.com\\\/wp-content\\\/uploads\\\/2025\\\/08\\\/PPB-4.png\",\"contentUrl\":\"https:\\\/\\\/proampolishball.com\\\/wp-content\\\/uploads\\\/2025\\\/08\\\/PPB-4.png\",\"width\":1920,\"height\":696},{\"@type\":\"BreadcrumbList\",\"@id\":\"https:\\\/\\\/proampolishball.com\\\/?page_id=111#breadcrumb\",\"itemListElement\":[{\"@type\":\"ListItem\",\"position\":1,\"name\":\"HOME\",\"item\":\"http:\\\/\\\/proampolishball.com\\\/\"},{\"@type\":\"ListItem\",\"position\":2,\"name\":\"CENNIK\"}]},{\"@type\":\"WebSite\",\"@id\":\"https:\\\/\\\/proampolishball.com\\\/#website\",\"url\":\"https:\\\/\\\/proampolishball.com\\\/\",\"name\":\"PRO-AM POLISH BALL\",\"description\":\"\",\"publisher\":{\"@id\":\"https:\\\/\\\/proampolishball.com\\\/#organization\"},\"potentialAction\":[{\"@type\":\"SearchAction\",\"target\":{\"@type\":\"EntryPoint\",\"urlTemplate\":\"https:\\\/\\\/proampolishball.com\\\/?s={search_term_string}\"},\"query-input\":{\"@type\":\"PropertyValueSpecification\",\"valueRequired\":true,\"valueName\":\"search_term_string\"}}],\"inLanguage\":\"pl-PL\"},{\"@type\":\"Organization\",\"@id\":\"https:\\\/\\\/proampolishball.com\\\/#organization\",\"name\":\"TOWARZYSTWO KULTURALNO SPORTOWE STARDANCE\",\"url\":\"https:\\\/\\\/proampolishball.com\\\/\",\"logo\":{\"@type\":\"ImageObject\",\"inLanguage\":\"pl-PL\",\"@id\":\"https:\\\/\\\/proampolishball.com\\\/#\\\/schema\\\/logo\\\/image\\\/\",\"url\":\"http:\\\/\\\/proampolishball.com\\\/wp-content\\\/uploads\\\/2023\\\/07\\\/logo-TKS_stardance.jpg\",\"contentUrl\":\"http:\\\/\\\/proampolishball.com\\\/wp-content\\\/uploads\\\/2023\\\/07\\\/logo-TKS_stardance.jpg\",\"width\":1000,\"height\":1000,\"caption\":\"TOWARZYSTWO KULTURALNO SPORTOWE STARDANCE\"},\"image\":{\"@id\":\"https:\\\/\\\/proampolishball.com\\\/#\\\/schema\\\/logo\\\/image\\\/\"}}]}<\/script>\n<!-- \/ Yoast SEO plugin. -->","yoast_head_json":{"title":"CENNIK -","robots":{"index":"index","follow":"follow","max-snippet":"max-snippet:-1","max-image-preview":"max-image-preview:large","max-video-preview":"max-video-preview:-1"},"canonical":"https:\/\/proampolishball.com\/?page_id=111","og_locale":"pl_PL","og_type":"article","og_title":"CENNIK -","og_description":"PTT PROAM POLISH BALL Early Bird 1 Regular OTWARTE MISTRZOSTWA POLSKI PTT W KON. PRO-AM Cena do 19 wrze\u015bnia 2025 od pary \/PLN\/ Cena po 19 wrze\u015bnia 2025 od pary \/PLN\/ Polish Open PTT Pro Am Singel Dance 90 110 Polish Open PTT Pro Am 2 Dances Challenges 140 170 Polish Open PTT Pro Am [&hellip;]","og_url":"https:\/\/proampolishball.com\/?page_id=111","article_modified_time":"2025-08-27T08:32:33+00:00","og_image":[{"width":1920,"height":696,"url":"https:\/\/proampolishball.com\/wp-content\/uploads\/2025\/08\/PPB-4.png","type":"image\/png"}],"twitter_card":"summary_large_image","twitter_misc":{"Szacowany czas czytania":"3 minuty"},"schema":{"@context":"https:\/\/schema.org","@graph":[{"@type":"WebPage","@id":"https:\/\/proampolishball.com\/?page_id=111","url":"https:\/\/proampolishball.com\/?page_id=111","name":"CENNIK -","isPartOf":{"@id":"https:\/\/proampolishball.com\/#website"},"primaryImageOfPage":{"@id":"https:\/\/proampolishball.com\/?page_id=111#primaryimage"},"image":{"@id":"https:\/\/proampolishball.com\/?page_id=111#primaryimage"},"thumbnailUrl":"https:\/\/proampolishball.com\/wp-content\/uploads\/2025\/08\/PPB-4.png","datePublished":"2023-07-15T17:41:37+00:00","dateModified":"2025-08-27T08:32:33+00:00","breadcrumb":{"@id":"https:\/\/proampolishball.com\/?page_id=111#breadcrumb"},"inLanguage":"pl-PL","potentialAction":[{"@type":"ReadAction","target":["https:\/\/proampolishball.com\/?page_id=111"]}]},{"@type":"ImageObject","inLanguage":"pl-PL","@id":"https:\/\/proampolishball.com\/?page_id=111#primaryimage","url":"https:\/\/proampolishball.com\/wp-content\/uploads\/2025\/08\/PPB-4.png","contentUrl":"https:\/\/proampolishball.com\/wp-content\/uploads\/2025\/08\/PPB-4.png","width":1920,"height":696},{"@type":"BreadcrumbList","@id":"https:\/\/proampolishball.com\/?page_id=111#breadcrumb","itemListElement":[{"@type":"ListItem","position":1,"name":"HOME","item":"http:\/\/proampolishball.com\/"},{"@type":"ListItem","position":2,"name":"CENNIK"}]},{"@type":"WebSite","@id":"https:\/\/proampolishball.com\/#website","url":"https:\/\/proampolishball.com\/","name":"PRO-AM POLISH BALL","description":"","publisher":{"@id":"https:\/\/proampolishball.com\/#organization"},"potentialAction":[{"@type":"SearchAction","target":{"@type":"EntryPoint","urlTemplate":"https:\/\/proampolishball.com\/?s={search_term_string}"},"query-input":{"@type":"PropertyValueSpecification","valueRequired":true,"valueName":"search_term_string"}}],"inLanguage":"pl-PL"},{"@type":"Organization","@id":"https:\/\/proampolishball.com\/#organization","name":"TOWARZYSTWO KULTURALNO SPORTOWE STARDANCE","url":"https:\/\/proampolishball.com\/","logo":{"@type":"ImageObject","inLanguage":"pl-PL","@id":"https:\/\/proampolishball.com\/#\/schema\/logo\/image\/","url":"http:\/\/proampolishball.com\/wp-content\/uploads\/2023\/07\/logo-TKS_stardance.jpg","contentUrl":"http:\/\/proampolishball.com\/wp-content\/uploads\/2023\/07\/logo-TKS_stardance.jpg","width":1000,"height":1000,"caption":"TOWARZYSTWO KULTURALNO SPORTOWE STARDANCE"},"image":{"@id":"https:\/\/proampolishball.com\/#\/schema\/logo\/image\/"}}]}},"_links":{"self":[{"href":"https:\/\/proampolishball.com\/index.php?rest_route=\/wp\/v2\/pages\/111","targetHints":{"allow":["GET"]}}],"collection":[{"href":"https:\/\/proampolishball.com\/index.php?rest_route=\/wp\/v2\/pages"}],"about":[{"href":"https:\/\/proampolishball.com\/index.php?rest_route=\/wp\/v2\/types\/page"}],"author":[{"embeddable":true,"href":"https:\/\/proampolishball.com\/index.php?rest_route=\/wp\/v2\/users\/1"}],"replies":[{"embeddable":true,"href":"https:\/\/proampolishball.com\/index.php?rest_route=%2Fwp%2Fv2%2Fcomments&post=111"}],"version-history":[{"count":255,"href":"https:\/\/proampolishball.com\/index.php?rest_route=\/wp\/v2\/pages\/111\/revisions"}],"predecessor-version":[{"id":1595,"href":"https:\/\/proampolishball.com\/index.php?rest_route=\/wp\/v2\/pages\/111\/revisions\/1595"}],"up":[{"embeddable":true,"href":"https:\/\/proampolishball.com\/index.php?rest_route=\/wp\/v2\/pages\/350"}],"wp:featuredmedia":[{"embeddable":true,"href":"https:\/\/proampolishball.com\/index.php?rest_route=\/wp\/v2\/media\/1433"}],"wp:attachment":[{"href":"https:\/\/proampolishball.com\/index.php?rest_route=%2Fwp%2Fv2%2Fmedia&parent=111"}],"curies":[{"name":"wp","href":"https:\/\/api.w.org\/{rel}","templated":true}]}}